alse
Is 7955422087 a composite number?
False
Is 188175336513 composite?
True
Is 86404609481 a prime number?
False
Is 116966243 a prime number?
True
Is 137560459 composite?
True
Is 13736013491 composite?
True
Is 5421119981 a prime number?
False
Is 632508391 composite?
True
Is 7151431145 a prime number?
False
Is 266241607991 a prime number?
True
Is 35475606869 prime?
False
Is 41437529923 composite?
False
Is 439553027 composite?
False
Is 23996325943 a prime number?
False
Is 189456601 a composite number?
False
Is 2241394669 a composite number?
True
Is 11991458519 a composite number?
True
Is 62310337 prime?
True
Is 30582654527 a prime number?
False
Is 734563499 prime?
True
Is 3489873691 prime?
True
Is 38985573733 a prime number?
True
Is 324309317 a composite number?
True
Is 1751724731 a prime number?
True
Is 68721263767 composite?
True
Is 44788267 composite?
True
Is 2523585153 composite?
True
Is 1846511 a composite number?
False
Is 83508055651 a composite number?
False
Is 191493937241 a prime number?
True
Is 60873601001 a composite number?
True
Is 730802083 a composite number?
True
Is 1993762807 a composite number?
True
Is 100932253973 a composite number?
True
Is 4218430193 a prime number?
True
Is 41956605929 a prime number?
False
Is 4089488869 prime?
True
Is 2580128249 prime?
True
Is 231037746893 prime?
False
Is 754493713 prime?
False
Is 5433319874 a prime number?
False
Is 20832188849 prime?
False
Is 499085029 composite?
False
Is 1856969791 a composite number?
True
Is 8366868661 composite?
False
Is 6105379517 a composite number?
True
Is 105246506539 a prime number?
False
Is 4031014957 prime?
True
Is 631913959 prime?
False
Is 3157927411 prime?
False
Is 89009303017 prime?
True
Is 1124881013 composite?
True
Is 72392069441 prime?
False
Is 983356463 prime?
True
Is 444355343 composite?
True
Is 13432379347 a prime number?
False
Is 23499157621 prime?
False
Is 846658843 prime?
True
Is 29454390263 a prime number?
False
Is 437647814 a prime number?
False
Is 19958403503 composite?
True
Is 10739061589 a composite number?
False
Is 364262113497 prime?
False
Is 138143201347 a prime number?
True
Is 545339393 prime?
True
Is 5541722777 a prime number?
False
Is 521448791 prime?
False
Is 273839899 a prime number?
False
Is 209568869 prime?
True
Is 15602627219 composite?
True
Is 1581129635 a composite number?
True
Is 3740007863 composite?
True
Is 74426069 a composite number?
False
Is 97461797 a prime number?
False
Is 1320741353 prime?
True
Is 22755583843 a composite number?
False
Is 4960175761 composite?
True
Is 2788480091 prime?
True
Is 58009298617 prime?
False
Is 1735959581 a composite number?
False
Is 6660945997 prime?
False
Is 713080559 composite?
False
Is 2492424469 a prime number?
False
Is 2112933713 a prime number?
False
Is 2525242297 a prime number?
True
Is 107644567 a prime number?
True
Is 8244052519 prime?
False
Is 116332981427 a composite number?
True
Is 3861573278 a prime number?
False
Is 46734867247 composite?
False
Is 67193307373 composite?
True
Is 82555633711 a prime number?
False
Is 93078136967 a prime number?
False
Is 140145711061 composite?
False
Is 142479971081 a prime number?
False
Is 8762158733 prime?
True
Is 5441352143 prime?
True
Is 1369335973 composite?
True
Is 2154012589 prime?
False
Is 300149837 a composite number?
True
Is 291490999 composite?
False
Is 169797083 prime?
False
Is 1282062935 composite?
True
Is 41743094689 composite?
True
Is 1185895853 prime?
True
Is 21219732043 a prime number?
True
Is 1391774017 a prime number?
False
Is 6278870761 composite?
False
Is 68248163833 a composite number?
True
Is 204587057 a prime number?
True
Is 25552513067 a composite number?
True
Is 317370121 prime?
True
Is 11914301227 prime?
True
Is 10283496799 a prime number?
True
Is 558285367 a composite number?
True
Is 110730757 prime?
False
Is 6348327923 a prime number?
False
Is 85512349579 a prime number?
False
Is 174149624881 a composite number?
False
Is 17371659293 composite?
False
Is 322323427 prime?
False
Is 14693792839 composite?
True
Is 94164913 composite?
False
Is 4820426053 composite?
True
Is 390726493 a composite number?
False
Is 132572780759 a composite number?
False
Is 11669651237 composite?
False
Is 65514936593 a prime number?
True
Is 3658043513 composite?
True
Is 160264301 a prime number?
True
Is 492660457 prime?
True
Is 669902351 a prime number?
False
Is 655901819 composite?
False
Is 971965193 prime?
False
Is 33609340151 a composite number?
True
Is 129731269 prime?
True
Is 14160143 prime?
False
Is 65809189577 a prime number?
True
Is 1210713943 prime?
True
Is 15941606287 a prime number?
False
Is 9678172289 composite?
False
Is 41546865119 a prime number?
True
Is 1927343207 prime?
False
Is 68923991 a prime number?
False
Is 1821061439 prime?
True
Is 991216381 prime?
True
Is 355900109 composite?
False
Is 7063984717 composite?
True
Is 7235106191 composite?
False
Is 24581754601 prime?
True
Is 10024014449 a composite number?
True
Is 56131916227 composite?
True
Is 30404033189 prime?
True
Is 39557177 prime?
False
Is 1350400619 prime?
True
Is 54274141861 prime?
True
Is 14370704123 a composite number?
False
Is 5015694351 composite?
True
Is 13665099169 a prime number?
True
Is 1713235939 prime?
True
Is 1240267159 prime?
True
Is 13692283963 a prime number?
True
Is 3328359101 composite?
True
Is 123606445253 composite?
True
Is 2026725767 a prime number?
False
Is 565101071 a prime number?
True
Is 405814861 a prime number?
False
Is 308272267 a prime number?
False
Is 8663636699 composite?
True
Is 2801664185 a prime number?
False
Is 11842205513 a prime number?
True
Is 39305311719 a composite number?
True
Is 19238476793 composite?
False
Is 566715259 a prime number?
False
Is 16922128339 a prime number?
True
Is 12809057897 prime?
True
Is 38747982523 prime?
True
Is 2116300429 a prime number?
False
Is 1427696729 a composite number?
False
Is 94291382777 composite?
True
Is 7805235166 a prime number?
False
Is 395653964389 composite?
False
Is 3501121123 a prime number?
True
Is 246255631 a prime number?
True
Is 1528861457 a prime number?
True
Is 232300199 prime?
True
Is 91078145 a prime number?
False
Is 119404349 a composite number?
True
Is 505621261 a composite number?
False
Is 293076649259 a prime number?
False
Is 1393334027 a prime number?
True
Is 14554856207 a composite number?
True
Is 2267230927 prime?
False
Is 30866425789 a composite number?
True
Is 76717727 prime?
False
Is 497138689 prime?
True
Is 440589774839 a prime number?
True
Is 351058871 a composite number?
False
Is 10376820679 composite?
False
Is 30747471407 a composite number?
True
Is 362327557 prime?
False
Is 12648098977 a composite number?
True
Is 27577143887 composite?
False
Is 831366449 a prime number?
True
Is 17147366807 a composite number?
False
Is 516517117 prime?
True
Is 25497939169 a composite number?
False
Is 567838273 a composite number?
True
Is 2354460209 a prime number?
True
Is 2130861361 composite?
False
Is 137794831147 composite?
True
Is 7923100157 prime?
False
Is 5566305193 a composite number?
True
Is 8152311091 a composite number?
False
Is 5582261911 composite?
True
Is 7951650589 a prime number?
True
Is 13274117359 a composite number?
False
Is 60081212827 a prime number?
True
Is 290883613565 a prime number?
False
Is 48275426281 prime?
True
Is 18357043403 a prime number?
True
Is 1758570829 prime?
True
Is 78177013555 composite?
True
Is 3472346281 prime?
False
Is 16846561379 composite?
True
Is 6463095206 composite?
True
Is 907252901 prime?
False
Is 34347893 prime?
False
Is 35406479158 a prime number?
False
Is 14052019999 composite?
False
Is 4141778687 a prime number?
True
Is 399735491 a composite number?
True
Is 38414794907 composite?
False
Is 8594857277 a prime number?
True
Is 212310347 a prime number?
True
Is 17513356493 a composite number?
False
Is 6493511719 a prime number?
True
Is 15614272799 a composite number?
False
Is 2707607693 a composite number?
True
Is 1760119733 a prime number?
False
Is 1060420133 a composite number?
False
Is 25729267 prime?
False
Is 56554462487 composite?
False
Is 3580430681 a prime number?
True
Is 291014057 prime?
True
Is 52752445127 a composite number?
True
Is 6714077353 a prime number?
True
Is 5144455447 a prime number?
False
Is 5542907827 a composite number?
Fa